{"id":2299,"date":"2021-01-31T18:53:48","date_gmt":"2021-01-31T18:53:48","guid":{"rendered":"https:\/\/www.artculania.com\/site\/?page_id=2299"},"modified":"2026-05-08T02:03:42","modified_gmt":"2026-05-08T02:03:42","slug":"linktree","status":"publish","type":"page","link":"https:\/\/www.artculania.com\/site\/linktree\/","title":{"rendered":"Linktree"},"content":{"rendered":"\t\t<div data-elementor-type=\"wp-page\" data-elementor-id=\"2299\" class=\"elementor elementor-2299\" data-elementor-post-type=\"page\">\n\t\t\t\t\t\t<section class=\"elementor-section elementor-top-section elementor-element elementor-element-76503cf1 elementor-section-content-middle elementor-section-full_width elementor-section-stretched elementor-section-height-default elementor-section-height-default\" data-id=\"76503cf1\" data-element_type=\"section\" data-e-type=\"section\" data-settings=\"{&quot;stretch_section&quot;:&quot;section-stretched&quot;,&quot;background_background&quot;:&quot;classic&quot;}\">\n\t\t\t\t\t\t<div class=\"elementor-container elementor-column-gap-no\">\n\t\t\t\t\t<div class=\"elementor-column elementor-col-100 elementor-top-column elementor-element elementor-element-2b175254\" data-id=\"2b175254\" data-element_type=\"column\" data-e-type=\"column\">\n\t\t\t<div class=\"elementor-widget-wrap elementor-element-populated\">\n\t\t\t\t\t\t<div class=\"elementor-element elementor-element-c2f4236 elementor-widget elementor-widget-heading\" data-id=\"c2f4236\" data-element_type=\"widget\" data-e-type=\"widget\" data-widget_type=\"heading.default\">\n\t\t\t\t<div class=\"elementor-widget-container\">\n\t\t\t\t\t<h4 class=\"elementor-heading-title elementor-size-default\">NOSSOS PERFIS<\/h4>\t\t\t\t<\/div>\n\t\t\t\t<\/div>\n\t\t\t\t<section class=\"elementor-section elementor-inner-section elementor-element elementor-element-40f351d5 elementor-section-boxed elementor-section-height-default elementor-section-height-default\" data-id=\"40f351d5\" data-element_type=\"section\" data-e-type=\"section\">\n\t\t\t\t\t\t<div class=\"elementor-container elementor-column-gap-default\">\n\t\t\t\t\t<div class=\"elementor-column elementor-col-33 elementor-inner-column elementor-element elementor-element-2c5b73d8\" data-id=\"2c5b73d8\" data-element_type=\"column\" data-e-type=\"column\">\n\t\t\t<div class=\"elementor-widget-wrap elementor-element-populated\">\n\t\t\t\t\t\t<div class=\"elementor-element elementor-element-7a169101 elementor-position-top elementor-position-top elementor-widget elementor-widget-image-box\" data-id=\"7a169101\" data-element_type=\"widget\" data-e-type=\"widget\" data-widget_type=\"image-box.default\">\n\t\t\t\t<div class=\"elementor-widget-container\">\n\t\t\t\t\t<div class=\"elementor-image-box-wrapper\"><figure class=\"elementor-image-box-img\"><a href=\"https:\/\/api.whatsapp.com\/send?phone=5518998137102&#038;text=Ol%C3%A1%2C%20vi%20a%20estamparia%20pelo%20instagram%20e%20tenho%20d%C3%BAvidas!\" target=\"_blank\" tabindex=\"-1\"><img decoding=\"async\" src=\"https:\/\/www.artculania.com\/site\/wp-content\/uploads\/elementor\/thumbs\/wpp-p26v42iq8yko8auxkg6elezek8g53r8k4dzla7nzhw.jpg\" title=\"wpp\" alt=\"wpp\" class=\"elementor-animation-grow\" loading=\"lazy\" \/><\/a><\/figure><div class=\"elementor-image-box-content\"><h3 class=\"elementor-image-box-title\"><a href=\"https:\/\/api.whatsapp.com\/send?phone=5518998137102&#038;text=Ol%C3%A1%2C%20vi%20a%20estamparia%20pelo%20instagram%20e%20tenho%20d%C3%BAvidas!\" target=\"_blank\">WhatsApp<\/a><\/h3><p class=\"elementor-image-box-description\">Clique abaixo para tirar d\u00favidas ou solicitar um or\u00e7amento pelo Wpp<\/p><\/div><\/div>\t\t\t\t<\/div>\n\t\t\t\t<\/div>\n\t\t\t\t<div class=\"elementor-element elementor-element-5a64e65c elementor-align-center elementor-widget elementor-widget-button\" data-id=\"5a64e65c\" data-element_type=\"widget\" data-e-type=\"widget\" data-widget_type=\"button.default\">\n\t\t\t\t<div class=\"elementor-widget-container\">\n\t\t\t\t\t\t\t\t\t<div class=\"elementor-button-wrapper\">\n\t\t\t\t\t<a class=\"elementor-button elementor-button-link elementor-size-sm\" href=\"https:\/\/api.whatsapp.com\/send?phone=5518998137102&#038;text=Ol%C3%A1%2C%20vi%20a%20estamparia%20pelo%20instagram%20e%20tenho%20d%C3%BAvidas!\" target=\"_blank\">\n\t\t\t\t\t\t<span class=\"elementor-button-content-wrapper\">\n\t\t\t\t\t\t<span class=\"elementor-button-icon\">\n\t\t\t\t<i aria-hidden=\"true\" class=\"fab fa-whatsapp\"><\/i>\t\t\t<\/span>\n\t\t\t\t\t\t\t\t\t<span class=\"elementor-button-text\">Whatsapp<\/span>\n\t\t\t\t\t<\/span>\n\t\t\t\t\t<\/a>\n\t\t\t\t<\/div>\n\t\t\t\t\t\t\t\t<\/div>\n\t\t\t\t<\/div>\n\t\t\t\t\t<\/div>\n\t\t<\/div>\n\t\t\t\t<div class=\"elementor-column elementor-col-33 elementor-inner-column elementor-element elementor-element-2fed3f14\" data-id=\"2fed3f14\" data-element_type=\"column\" data-e-type=\"column\">\n\t\t\t<div class=\"elementor-widget-wrap elementor-element-populated\">\n\t\t\t\t\t\t<div class=\"elementor-element elementor-element-2cac45b0 elementor-position-top elementor-widget elementor-widget-image-box\" data-id=\"2cac45b0\" data-element_type=\"widget\" data-e-type=\"widget\" data-widget_type=\"image-box.default\">\n\t\t\t\t<div class=\"elementor-widget-container\">\n\t\t\t\t\t<div class=\"elementor-image-box-wrapper\"><figure class=\"elementor-image-box-img\"><a href=\"https:\/\/www.behance.net\/Artculania\" target=\"_blank\" tabindex=\"-1\"><img decoding=\"async\" src=\"https:\/\/www.artculania.com\/site\/wp-content\/uploads\/elementor\/thumbs\/behance-p26v8k6ywgpzp8c3ce28ia6oqib9vp2e2m73tt09ro.jpg\" title=\"behance\" alt=\"behance\" class=\"elementor-animation-grow\" loading=\"lazy\" \/><\/a><\/figure><div class=\"elementor-image-box-content\"><h3 class=\"elementor-image-box-title\"><a href=\"https:\/\/www.behance.net\/Artculania\" target=\"_blank\">Portf\u00f3lio<\/a><\/h3><p class=\"elementor-image-box-description\">Veja fotografias e v\u00eddeos de alguns de nossos projetos no Behance<\/p><\/div><\/div>\t\t\t\t<\/div>\n\t\t\t\t<\/div>\n\t\t\t\t<div class=\"elementor-element elementor-element-35ecc3e8 elementor-align-center elementor-widget elementor-widget-button\" data-id=\"35ecc3e8\" data-element_type=\"widget\" data-e-type=\"widget\" data-widget_type=\"button.default\">\n\t\t\t\t<div class=\"elementor-widget-container\">\n\t\t\t\t\t\t\t\t\t<div class=\"elementor-button-wrapper\">\n\t\t\t\t\t<a class=\"elementor-button elementor-button-link elementor-size-sm\" href=\"https:\/\/www.behance.net\/Artculania\" target=\"_blank\">\n\t\t\t\t\t\t<span class=\"elementor-button-content-wrapper\">\n\t\t\t\t\t\t<span class=\"elementor-button-icon\">\n\t\t\t\t<i aria-hidden=\"true\" class=\"fab fa-behance\"><\/i>\t\t\t<\/span>\n\t\t\t\t\t\t\t\t\t<span class=\"elementor-button-text\">behance<\/span>\n\t\t\t\t\t<\/span>\n\t\t\t\t\t<\/a>\n\t\t\t\t<\/div>\n\t\t\t\t\t\t\t\t<\/div>\n\t\t\t\t<\/div>\n\t\t\t\t\t<\/div>\n\t\t<\/div>\n\t\t\t\t<div class=\"elementor-column elementor-col-33 elementor-inner-column elementor-element elementor-element-e5abbed\" data-id=\"e5abbed\" data-element_type=\"column\" data-e-type=\"column\">\n\t\t\t<div class=\"elementor-widget-wrap elementor-element-populated\">\n\t\t\t\t\t\t<div class=\"elementor-element elementor-element-e37e718 elementor-position-top elementor-widget elementor-widget-image-box\" data-id=\"e37e718\" data-element_type=\"widget\" data-e-type=\"widget\" data-widget_type=\"image-box.default\">\n\t\t\t\t<div class=\"elementor-widget-container\">\n\t\t\t\t\t<div class=\"elementor-image-box-wrapper\"><figure class=\"elementor-image-box-img\"><a href=\"https:\/\/www.artculania.com\/site\/\" tabindex=\"-1\"><img decoding=\"async\" src=\"https:\/\/www.artculania.com\/site\/wp-content\/uploads\/elementor\/thumbs\/site-p26vl670lfzhgw0mpcb1glmbnm5k5i4qt1ammgb4ac.jpg\" title=\"site\" alt=\"site\" class=\"elementor-animation-grow\" loading=\"lazy\" \/><\/a><\/figure><div class=\"elementor-image-box-content\"><h3 class=\"elementor-image-box-title\"><a href=\"https:\/\/www.artculania.com\/site\/\">Site <\/a><\/h3><p class=\"elementor-image-box-description\">Acesse nosso site para fazer pedido ou saber mais sobre a empresa<\/p><\/div><\/div>\t\t\t\t<\/div>\n\t\t\t\t<\/div>\n\t\t\t\t<div class=\"elementor-element elementor-element-e55d629 elementor-align-center elementor-widget elementor-widget-button\" data-id=\"e55d629\" data-element_type=\"widget\" data-e-type=\"widget\" data-widget_type=\"button.default\">\n\t\t\t\t<div class=\"elementor-widget-container\">\n\t\t\t\t\t\t\t\t\t<div class=\"elementor-button-wrapper\">\n\t\t\t\t\t<a class=\"elementor-button elementor-button-link elementor-size-sm\" href=\"https:\/\/www.artculania.com\/site\/personalizados\/\">\n\t\t\t\t\t\t<span class=\"elementor-button-content-wrapper\">\n\t\t\t\t\t\t\t\t\t<span class=\"elementor-button-text\">artculania.com<\/span>\n\t\t\t\t\t<\/span>\n\t\t\t\t\t<\/a>\n\t\t\t\t<\/div>\n\t\t\t\t\t\t\t\t<\/div>\n\t\t\t\t<\/div>\n\t\t\t\t\t<\/div>\n\t\t<\/div>\n\t\t\t\t\t<\/div>\n\t\t<\/section>\n\t\t\t\t\t<\/div>\n\t\t<\/div>\n\t\t\t\t\t<\/div>\n\t\t<\/section>\n\t\t\t\t<section class=\"elementor-section elementor-top-section elementor-element elementor-element-0ff248b elementor-section-full_width elementor-section-stretched elementor-section-height-default elementor-section-height-default\" data-id=\"0ff248b\" data-element_type=\"section\" data-e-type=\"section\" data-settings=\"{&quot;stretch_section&quot;:&quot;section-stretched&quot;}\">\n\t\t\t\t\t\t<div class=\"elementor-container elementor-column-gap-default\">\n\t\t\t\t\t<div class=\"elementor-column elementor-col-100 elementor-top-column elementor-element elementor-element-f71b663\" data-id=\"f71b663\" data-element_type=\"column\" data-e-type=\"column\">\n\t\t\t<div class=\"elementor-widget-wrap elementor-element-populated\">\n\t\t\t\t\t\t<section class=\"elementor-section elementor-inner-section elementor-element elementor-element-e088ba0 elementor-section-content-middle elementor-section-boxed elementor-section-height-default elementor-section-height-default\" data-id=\"e088ba0\" data-element_type=\"section\" data-e-type=\"section\">\n\t\t\t\t\t\t<div class=\"elementor-container elementor-column-gap-no\">\n\t\t\t\t\t<div class=\"elementor-column elementor-col-100 elementor-inner-column elementor-element elementor-element-875196c\" data-id=\"875196c\" data-element_type=\"column\" data-e-type=\"column\">\n\t\t\t<div class=\"elementor-widget-wrap elementor-element-populated\">\n\t\t\t\t\t\t<div class=\"elementor-element elementor-element-52615cb elementor-position-top elementor-widget elementor-widget-image-box\" data-id=\"52615cb\" data-element_type=\"widget\" data-e-type=\"widget\" data-widget_type=\"image-box.default\">\n\t\t\t\t<div class=\"elementor-widget-container\">\n\t\t\t\t\t<div class=\"elementor-image-box-wrapper\"><figure class=\"elementor-image-box-img\"><a href=\"https:\/\/www.behance.net\/gallery\/247676125\/Camisetas-Dryfit?platform=direct\" target=\"_blank\" tabindex=\"-1\"><img fetchpriority=\"high\" decoding=\"async\" width=\"1366\" height=\"768\" src=\"https:\/\/www.artculania.com\/site\/wp-content\/uploads\/2026\/04\/BEHANCE-DRYFIT.jpg\" class=\"attachment-full size-full wp-image-6515\" alt=\"\" srcset=\"https:\/\/www.artculania.com\/site\/wp-content\/uploads\/2026\/04\/BEHANCE-DRYFIT.jpg 1366w, https:\/\/www.artculania.com\/site\/wp-content\/uploads\/2026\/04\/BEHANCE-DRYFIT-300x169.jpg 300w, https:\/\/www.artculania.com\/site\/wp-content\/uploads\/2026\/04\/BEHANCE-DRYFIT-1024x576.jpg 1024w, https:\/\/www.artculania.com\/site\/wp-content\/uploads\/2026\/04\/BEHANCE-DRYFIT-768x432.jpg 768w, https:\/\/www.artculania.com\/site\/wp-content\/uploads\/2026\/04\/BEHANCE-DRYFIT-600x337.jpg 600w, https:\/\/www.artculania.com\/site\/wp-content\/uploads\/2026\/04\/BEHANCE-DRYFIT-107x60.jpg 107w, https:\/\/www.artculania.com\/site\/wp-content\/uploads\/2026\/04\/BEHANCE-DRYFIT-160x90.jpg 160w\" sizes=\"(max-width: 1366px) 100vw, 1366px\" \/><\/a><\/figure><div class=\"elementor-image-box-content\"><h3 class=\"elementor-image-box-title\"><a href=\"https:\/\/www.behance.net\/gallery\/247676125\/Camisetas-Dryfit?platform=direct\" target=\"_blank\">Portf\u00f3lio - 'Camisetas Dryfit Esportivo'<\/a><\/h3><p class=\"elementor-image-box-description\">portf\u00f3lio - FOTOGRAFIAS E V\u00cdDEOS DE PROJETOS<\/p><\/div><\/div>\t\t\t\t<\/div>\n\t\t\t\t<\/div>\n\t\t\t\t<div class=\"elementor-element elementor-element-589e922 elementor-align-center elementor-widget elementor-widget-button\" data-id=\"589e922\" data-element_type=\"widget\" data-e-type=\"widget\" data-widget_type=\"button.default\">\n\t\t\t\t<div class=\"elementor-widget-container\">\n\t\t\t\t\t\t\t\t\t<div class=\"elementor-button-wrapper\">\n\t\t\t\t\t<a class=\"elementor-button elementor-button-link elementor-size-sm\" href=\"https:\/\/www.behance.net\/gallery\/247676125\/Camisetas-Dryfit?platform=direct\" target=\"_blank\">\n\t\t\t\t\t\t<span class=\"elementor-button-content-wrapper\">\n\t\t\t\t\t\t<span class=\"elementor-button-icon\">\n\t\t\t\t<i aria-hidden=\"true\" class=\"fab fa-behance\"><\/i>\t\t\t<\/span>\n\t\t\t\t\t\t\t\t\t<span class=\"elementor-button-text\">behance<\/span>\n\t\t\t\t\t<\/span>\n\t\t\t\t\t<\/a>\n\t\t\t\t<\/div>\n\t\t\t\t\t\t\t\t<\/div>\n\t\t\t\t<\/div>\n\t\t\t\t\t<\/div>\n\t\t<\/div>\n\t\t\t\t\t<\/div>\n\t\t<\/section>\n\t\t\t\t\t<\/div>\n\t\t<\/div>\n\t\t\t\t\t<\/div>\n\t\t<\/section>\n\t\t\t\t<\/div>\n\t\t","protected":false},"excerpt":{"rendered":"<p>NOSSOS PERFIS WhatsApp Clique abaixo para tirar d\u00favidas ou solicitar um or\u00e7amento pelo Wpp Whatsapp Portf\u00f3lio Veja fotografias e v\u00eddeos de alguns de nossos projetos no Behance behance Site Acesse nosso site para fazer pedido ou saber mais sobre a empresa artculania.com Portf\u00f3lio &#8211; &#8216;Camisetas Dryfit Esportivo&#8217; portf\u00f3lio &#8211; FOTOGRAFIAS&#8230;<\/p>\n","protected":false},"author":1,"featured_media":0,"parent":0,"menu_order":0,"comment_status":"closed","ping_status":"closed","template":"","meta":{"footnotes":""},"class_list":["post-2299","page","type-page","status-publish","hentry"],"yoast_head":"<!-- This site is optimized with the Yoast SEO plugin v27.2 - https:\/\/yoast.com\/product\/yoast-seo-wordpress\/ -->\n<title>Linktree - ARTCULANIA<\/title>\n<meta name=\"robots\" content=\"index, follow, max-snippet:-1, max-image-preview:large, max-video-preview:-1\" \/>\n<link rel=\"canonical\" href=\"https:\/\/www.artculania.com\/site\/linktree\/\" \/>\n<meta property=\"og:locale\" content=\"pt_BR\" \/>\n<meta property=\"og:type\" content=\"article\" \/>\n<meta property=\"og:title\" content=\"Linktree - ARTCULANIA\" \/>\n<meta property=\"og:description\" content=\"NOSSOS PERFIS WhatsApp Clique abaixo para tirar d\u00favidas ou solicitar um or\u00e7amento pelo Wpp Whatsapp Portf\u00f3lio Veja fotografias e v\u00eddeos de alguns de nossos projetos no Behance behance Site Acesse nosso site para fazer pedido ou saber mais sobre a empresa artculania.com Portf\u00f3lio &#8211; &#8216;Camisetas Dryfit Esportivo&#8217; portf\u00f3lio &#8211; FOTOGRAFIAS...\" \/>\n<meta property=\"og:url\" content=\"https:\/\/www.artculania.com\/site\/linktree\/\" \/>\n<meta property=\"og:site_name\" content=\"ARTCULANIA\" \/>\n<meta property=\"article:modified_time\" content=\"2026-05-08T02:03:42+00:00\" \/>\n<meta property=\"og:image\" content=\"https:\/\/www.artculania.com\/site\/wp-content\/uploads\/elementor\/thumbs\/wpp-p26v42iq8yko8auxkg6elezek8g53r8k4dzla7nzhw.jpg\" \/>\n<meta name=\"twitter:card\" content=\"summary_large_image\" \/>\n<meta name=\"twitter:label1\" content=\"Est. tempo de leitura\" \/>\n\t<meta name=\"twitter:data1\" content=\"2 minutos\" \/>\n<script type=\"application\/ld+json\" class=\"yoast-schema-graph\">{\"@context\":\"https:\/\/schema.org\",\"@graph\":[{\"@type\":\"WebPage\",\"@id\":\"https:\/\/www.artculania.com\/site\/linktree\/\",\"url\":\"https:\/\/www.artculania.com\/site\/linktree\/\",\"name\":\"Linktree - ARTCULANIA\",\"isPartOf\":{\"@id\":\"https:\/\/www.artculania.com\/site\/#website\"},\"primaryImageOfPage\":{\"@id\":\"https:\/\/www.artculania.com\/site\/linktree\/#primaryimage\"},\"image\":{\"@id\":\"https:\/\/www.artculania.com\/site\/linktree\/#primaryimage\"},\"thumbnailUrl\":\"https:\/\/www.artculania.com\/site\/wp-content\/uploads\/elementor\/thumbs\/wpp-p26v42iq8yko8auxkg6elezek8g53r8k4dzla7nzhw.jpg\",\"datePublished\":\"2021-01-31T18:53:48+00:00\",\"dateModified\":\"2026-05-08T02:03:42+00:00\",\"breadcrumb\":{\"@id\":\"https:\/\/www.artculania.com\/site\/linktree\/#breadcrumb\"},\"inLanguage\":\"pt-BR\",\"potentialAction\":[{\"@type\":\"ReadAction\",\"target\":[\"https:\/\/www.artculania.com\/site\/linktree\/\"]}]},{\"@type\":\"ImageObject\",\"inLanguage\":\"pt-BR\",\"@id\":\"https:\/\/www.artculania.com\/site\/linktree\/#primaryimage\",\"url\":\"https:\/\/www.artculania.com\/site\/wp-content\/uploads\/elementor\/thumbs\/wpp-p26v42iq8yko8auxkg6elezek8g53r8k4dzla7nzhw.jpg\",\"contentUrl\":\"https:\/\/www.artculania.com\/site\/wp-content\/uploads\/elementor\/thumbs\/wpp-p26v42iq8yko8auxkg6elezek8g53r8k4dzla7nzhw.jpg\"},{\"@type\":\"BreadcrumbList\",\"@id\":\"https:\/\/www.artculania.com\/site\/linktree\/#breadcrumb\",\"itemListElement\":[{\"@type\":\"ListItem\",\"position\":1,\"name\":\"In\u00edcio\",\"item\":\"https:\/\/www.artculania.com\/site\/\"},{\"@type\":\"ListItem\",\"position\":2,\"name\":\"Linktree\"}]},{\"@type\":\"WebSite\",\"@id\":\"https:\/\/www.artculania.com\/site\/#website\",\"url\":\"https:\/\/www.artculania.com\/site\/\",\"name\":\"ARTCULANIA\",\"description\":\"ESTAMPARIA ARTESANAL\",\"publisher\":{\"@id\":\"https:\/\/www.artculania.com\/site\/#organization\"},\"potentialAction\":[{\"@type\":\"SearchAction\",\"target\":{\"@type\":\"EntryPoint\",\"urlTemplate\":\"https:\/\/www.artculania.com\/site\/?s={search_term_string}\"},\"query-input\":{\"@type\":\"PropertyValueSpecification\",\"valueRequired\":true,\"valueName\":\"search_term_string\"}}],\"inLanguage\":\"pt-BR\"},{\"@type\":\"Organization\",\"@id\":\"https:\/\/www.artculania.com\/site\/#organization\",\"name\":\"ARTCULANIA\",\"url\":\"https:\/\/www.artculania.com\/site\/\",\"logo\":{\"@type\":\"ImageObject\",\"inLanguage\":\"pt-BR\",\"@id\":\"https:\/\/www.artculania.com\/site\/#\/schema\/logo\/image\/\",\"url\":\"https:\/\/www.artculania.com\/site\/wp-content\/uploads\/2020\/10\/cropped-logoslogan.png\",\"contentUrl\":\"https:\/\/www.artculania.com\/site\/wp-content\/uploads\/2020\/10\/cropped-logoslogan.png\",\"width\":3080,\"height\":770,\"caption\":\"ARTCULANIA\"},\"image\":{\"@id\":\"https:\/\/www.artculania.com\/site\/#\/schema\/logo\/image\/\"},\"sameAs\":[\"https:\/\/www.instagram.com\/artculania\/\"]}]}<\/script>\n<!-- \/ Yoast SEO plugin. -->","yoast_head_json":{"title":"Linktree - ARTCULANIA","robots":{"index":"index","follow":"follow","max-snippet":"max-snippet:-1","max-image-preview":"max-image-preview:large","max-video-preview":"max-video-preview:-1"},"canonical":"https:\/\/www.artculania.com\/site\/linktree\/","og_locale":"pt_BR","og_type":"article","og_title":"Linktree - ARTCULANIA","og_description":"NOSSOS PERFIS WhatsApp Clique abaixo para tirar d\u00favidas ou solicitar um or\u00e7amento pelo Wpp Whatsapp Portf\u00f3lio Veja fotografias e v\u00eddeos de alguns de nossos projetos no Behance behance Site Acesse nosso site para fazer pedido ou saber mais sobre a empresa artculania.com Portf\u00f3lio &#8211; &#8216;Camisetas Dryfit Esportivo&#8217; portf\u00f3lio &#8211; FOTOGRAFIAS...","og_url":"https:\/\/www.artculania.com\/site\/linktree\/","og_site_name":"ARTCULANIA","article_modified_time":"2026-05-08T02:03:42+00:00","og_image":[{"url":"https:\/\/www.artculania.com\/site\/wp-content\/uploads\/elementor\/thumbs\/wpp-p26v42iq8yko8auxkg6elezek8g53r8k4dzla7nzhw.jpg","type":"","width":"","height":""}],"twitter_card":"summary_large_image","twitter_misc":{"Est. tempo de leitura":"2 minutos"},"schema":{"@context":"https:\/\/schema.org","@graph":[{"@type":"WebPage","@id":"https:\/\/www.artculania.com\/site\/linktree\/","url":"https:\/\/www.artculania.com\/site\/linktree\/","name":"Linktree - ARTCULANIA","isPartOf":{"@id":"https:\/\/www.artculania.com\/site\/#website"},"primaryImageOfPage":{"@id":"https:\/\/www.artculania.com\/site\/linktree\/#primaryimage"},"image":{"@id":"https:\/\/www.artculania.com\/site\/linktree\/#primaryimage"},"thumbnailUrl":"https:\/\/www.artculania.com\/site\/wp-content\/uploads\/elementor\/thumbs\/wpp-p26v42iq8yko8auxkg6elezek8g53r8k4dzla7nzhw.jpg","datePublished":"2021-01-31T18:53:48+00:00","dateModified":"2026-05-08T02:03:42+00:00","breadcrumb":{"@id":"https:\/\/www.artculania.com\/site\/linktree\/#breadcrumb"},"inLanguage":"pt-BR","potentialAction":[{"@type":"ReadAction","target":["https:\/\/www.artculania.com\/site\/linktree\/"]}]},{"@type":"ImageObject","inLanguage":"pt-BR","@id":"https:\/\/www.artculania.com\/site\/linktree\/#primaryimage","url":"https:\/\/www.artculania.com\/site\/wp-content\/uploads\/elementor\/thumbs\/wpp-p26v42iq8yko8auxkg6elezek8g53r8k4dzla7nzhw.jpg","contentUrl":"https:\/\/www.artculania.com\/site\/wp-content\/uploads\/elementor\/thumbs\/wpp-p26v42iq8yko8auxkg6elezek8g53r8k4dzla7nzhw.jpg"},{"@type":"BreadcrumbList","@id":"https:\/\/www.artculania.com\/site\/linktree\/#breadcrumb","itemListElement":[{"@type":"ListItem","position":1,"name":"In\u00edcio","item":"https:\/\/www.artculania.com\/site\/"},{"@type":"ListItem","position":2,"name":"Linktree"}]},{"@type":"WebSite","@id":"https:\/\/www.artculania.com\/site\/#website","url":"https:\/\/www.artculania.com\/site\/","name":"ARTCULANIA","description":"ESTAMPARIA ARTESANAL","publisher":{"@id":"https:\/\/www.artculania.com\/site\/#organization"},"potentialAction":[{"@type":"SearchAction","target":{"@type":"EntryPoint","urlTemplate":"https:\/\/www.artculania.com\/site\/?s={search_term_string}"},"query-input":{"@type":"PropertyValueSpecification","valueRequired":true,"valueName":"search_term_string"}}],"inLanguage":"pt-BR"},{"@type":"Organization","@id":"https:\/\/www.artculania.com\/site\/#organization","name":"ARTCULANIA","url":"https:\/\/www.artculania.com\/site\/","logo":{"@type":"ImageObject","inLanguage":"pt-BR","@id":"https:\/\/www.artculania.com\/site\/#\/schema\/logo\/image\/","url":"https:\/\/www.artculania.com\/site\/wp-content\/uploads\/2020\/10\/cropped-logoslogan.png","contentUrl":"https:\/\/www.artculania.com\/site\/wp-content\/uploads\/2020\/10\/cropped-logoslogan.png","width":3080,"height":770,"caption":"ARTCULANIA"},"image":{"@id":"https:\/\/www.artculania.com\/site\/#\/schema\/logo\/image\/"},"sameAs":["https:\/\/www.instagram.com\/artculania\/"]}]}},"_links":{"self":[{"href":"https:\/\/www.artculania.com\/site\/wp-json\/wp\/v2\/pages\/2299","targetHints":{"allow":["GET"]}}],"collection":[{"href":"https:\/\/www.artculania.com\/site\/wp-json\/wp\/v2\/pages"}],"about":[{"href":"https:\/\/www.artculania.com\/site\/wp-json\/wp\/v2\/types\/page"}],"author":[{"embeddable":true,"href":"https:\/\/www.artculania.com\/site\/wp-json\/wp\/v2\/users\/1"}],"replies":[{"embeddable":true,"href":"https:\/\/www.artculania.com\/site\/wp-json\/wp\/v2\/comments?post=2299"}],"version-history":[{"count":299,"href":"https:\/\/www.artculania.com\/site\/wp-json\/wp\/v2\/pages\/2299\/revisions"}],"predecessor-version":[{"id":6581,"href":"https:\/\/www.artculania.com\/site\/wp-json\/wp\/v2\/pages\/2299\/revisions\/6581"}],"wp:attachment":[{"href":"https:\/\/www.artculania.com\/site\/wp-json\/wp\/v2\/media?parent=2299"}],"curies":[{"name":"wp","href":"https:\/\/api.w.org\/{rel}","templated":true}]}}